{"id":120,"date":"2020-01-03T17:05:50","date_gmt":"2020-01-03T16:05:50","guid":{"rendered":"http:\/\/praincel.com\/?page_id=120"},"modified":"2020-01-03T17:32:53","modified_gmt":"2020-01-03T16:32:53","slug":"accueil-2","status":"publish","type":"page","link":"https:\/\/praincel.com\/index.php\/accueil-2\/","title":{"rendered":"Accueil"},"content":{"rendered":"<p>&nbsp;<\/p>\n<p style=\"text-align: center;\">Bienvenue chez Praincel \ud83d\ude42<\/p>\n<p style=\"text-align: center;\">Nous fabriquons dans notre atelier situ\u00e9 au c\u0153ur du Pays Catalan, des chocolats, des macarons, des rousquilles, ainsi que plein d&#8217;autres gourmandises d&#8217;ici.<\/p>\n<blockquote><p>Convaincus que les assemblages simples de belles mati\u00e8res premi\u00e8res sont la cl\u00e9 pour r\u00e9aliser des\u00a0douceurs\u00a0artisanales de qualit\u00e9, nous travaillons essentiellement avec des produits issus de l&#8217;agriculture biologique et\/ou locale (chocolat, cr\u00e8me, amandes et noisettes&#8230;)<\/p><\/blockquote>\n<p><img decoding=\"async\" loading=\"lazy\" class=\"alignnone wp-image-129\" src=\"http:\/\/praincel.com\/wp-content\/uploads\/2020\/01\/amandes-caramelisees-300x273.jpg\" alt=\"\" width=\"646\" height=\"588\" srcset=\"https:\/\/praincel.com\/wp-content\/uploads\/2020\/01\/amandes-caramelisees-300x273.jpg 300w, https:\/\/praincel.com\/wp-content\/uploads\/2020\/01\/amandes-caramelisees-768x699.jpg 768w, https:\/\/praincel.com\/wp-content\/uploads\/2020\/01\/amandes-caramelisees-700x637.jpg 700w\" sizes=\"(max-width: 646px) 100vw, 646px\" \/><\/p>\n","protected":false},"excerpt":{"rendered":"<p>&nbsp; Bienvenue chez Praincel \ud83d\ude42 Nous fabriquons dans notre atelier situ\u00e9 au c\u0153ur du Pays Catalan, des chocolats, des macarons, des rousquilles, ainsi que plein d&#8217;autres gourmandises d&#8217;ici. Convaincus que les assemblages simples de belles mati\u00e8res premi\u00e8res sont la cl\u00e9 pour r\u00e9aliser des\u00a0douceurs\u00a0artisanales de qualit\u00e9, nous travaillons essentiellement avec des produits issus de l&#8217;agriculture biologique &hellip; <a href=\"https:\/\/praincel.com\/index.php\/accueil-2\/\" class=\"more-link\">Continue reading <span class=\"screen-reader-text\">Accueil<\/span><\/a><\/p>\n","protected":false},"author":1,"featured_media":0,"parent":0,"menu_order":0,"comment_status":"closed","ping_status":"closed","template":"","meta":[],"_links":{"self":[{"href":"https:\/\/praincel.com\/index.php\/wp-json\/wp\/v2\/pages\/120"}],"collection":[{"href":"https:\/\/praincel.com\/index.php\/wp-json\/wp\/v2\/pages"}],"about":[{"href":"https:\/\/praincel.com\/index.php\/wp-json\/wp\/v2\/types\/page"}],"author":[{"embeddable":true,"href":"https:\/\/praincel.com\/index.php\/wp-json\/wp\/v2\/users\/1"}],"replies":[{"embeddable":true,"href":"https:\/\/praincel.com\/index.php\/wp-json\/wp\/v2\/comments?post=120"}],"version-history":[{"count":7,"href":"https:\/\/praincel.com\/index.php\/wp-json\/wp\/v2\/pages\/120\/revisions"}],"predecessor-version":[{"id":133,"href":"https:\/\/praincel.com\/index.php\/wp-json\/wp\/v2\/pages\/120\/revisions\/133"}],"wp:attachment":[{"href":"https:\/\/praincel.com\/index.php\/wp-json\/wp\/v2\/media?parent=120"}],"curies":[{"name":"wp","href":"https:\/\/api.w.org\/{rel}","templated":true}]}}