{"id":27,"date":"2017-02-14T13:46:44","date_gmt":"2017-02-14T12:46:44","guid":{"rendered":"http:\/\/praincel.com\/?page_id=27"},"modified":"2023-04-14T15:06:41","modified_gmt":"2023-04-14T13:06:41","slug":"contact","status":"publish","type":"page","link":"https:\/\/praincel.com\/index.php\/contact\/","title":{"rendered":"Contact"},"content":{"rendered":"<p>Retrouvez-nous \u00e0\u00a0notre boutique au 42 impasse de Rovira (ville haute-pr\u00e8s du clo\u00eetre) dans le Jardin des m\u00e9tiers d&#8217;art \u00e0 <strong>Elne :<\/strong><\/p>\n<p><strong>&#8211; en \u00e9t\u00e9\u00a0<\/strong>du <strong>mercredi<\/strong> au <strong>dimanche<\/strong>\u00a0de <strong>11h<\/strong> \u00e0 <strong>18h\u00a0<\/strong><\/p>\n<p><strong>&#8211; en hiver :\u00a0<\/strong>du\u00a0<strong>mercredi<\/strong>\u00a0au <b>samedi<\/b>\u00a0de\u00a0<strong>10h<\/strong>\u00a0\u00e0\u00a0<strong>13h <\/strong>et de<strong> 15h <\/strong>\u00e0<strong> 18h<\/strong><\/p>\n<p>ainsi que sur rendez-vous au\u00a0<strong>07 82 94 69 96<\/strong><\/p>\n<p>Si vous voulez nous envoyer un message : soit un petit sms (pas de mms) ou alors \u00e0 partir de notre page Facebook &#8220;Praincel&#8221;\u00a0 accessible \u00e0 tous,<\/p>\n<p>\u00e0 tr\u00e8s bient\u00f4t !!<\/p>\n","protected":false},"excerpt":{"rendered":"<p>Retrouvez-nous \u00e0\u00a0notre boutique au 42 impasse de Rovira (ville haute-pr\u00e8s du clo\u00eetre) dans le Jardin des m\u00e9tiers d&#8217;art \u00e0 Elne : &#8211; en \u00e9t\u00e9\u00a0du mercredi au dimanche\u00a0de 11h \u00e0 18h\u00a0 &#8211; en hiver :\u00a0du\u00a0mercredi\u00a0au samedi\u00a0de\u00a010h\u00a0\u00e0\u00a013h et de 15h \u00e0 18h ainsi que sur rendez-vous au\u00a007 82 94 69 96 Si vous voulez nous envoyer un &hellip; <a href=\"https:\/\/praincel.com\/index.php\/contact\/\" class=\"more-link\">Continue reading <span class=\"screen-reader-text\">Contact<\/span><\/a><\/p>\n","protected":false},"author":1,"featured_media":63,"parent":0,"menu_order":0,"comment_status":"closed","ping_status":"closed","template":"","meta":[],"_links":{"self":[{"href":"https:\/\/praincel.com\/index.php\/wp-json\/wp\/v2\/pages\/27"}],"collection":[{"href":"https:\/\/praincel.com\/index.php\/wp-json\/wp\/v2\/pages"}],"about":[{"href":"https:\/\/praincel.com\/index.php\/wp-json\/wp\/v2\/types\/page"}],"author":[{"embeddable":true,"href":"https:\/\/praincel.com\/index.php\/wp-json\/wp\/v2\/users\/1"}],"replies":[{"embeddable":true,"href":"https:\/\/praincel.com\/index.php\/wp-json\/wp\/v2\/comments?post=27"}],"version-history":[{"count":15,"href":"https:\/\/praincel.com\/index.php\/wp-json\/wp\/v2\/pages\/27\/revisions"}],"predecessor-version":[{"id":61,"href":"https:\/\/praincel.com\/index.php\/wp-json\/wp\/v2\/pages\/27\/revisions\/61"}],"wp:featuredmedia":[{"embeddable":true,"href":"https:\/\/praincel.com\/index.php\/wp-json\/wp\/v2\/media\/63"}],"wp:attachment":[{"href":"https:\/\/praincel.com\/index.php\/wp-json\/wp\/v2\/media?parent=27"}],"curies":[{"name":"wp","href":"https:\/\/api.w.org\/{rel}","templated":true}]}}